{"id":307,"date":"2021-07-04T15:30:47","date_gmt":"2021-07-04T14:30:47","guid":{"rendered":"http:\/\/leslectures.demarie.fr\/?page_id=307"},"modified":"2021-07-04T15:43:30","modified_gmt":"2021-07-04T14:43:30","slug":"les-yeux-au-ciel","status":"publish","type":"page","link":"http:\/\/leslectures.demarie.fr\/?page_id=307","title":{"rendered":"Les yeux au ciel"},"content":{"rendered":"\n<div class=\"wp-block-image\"><figure class=\"aligncenter\"><img decoding=\"async\" src=\"https:\/\/zupimages.net\/up\/21\/26\/ykw4.jpeg\" alt=\"\"\/><\/figure><\/div>\n\n\n\n<p>Sous les lumi\u00e8res\ndansantes<\/p>\n\n\n\n<p>Paysage paisible\net silencieux<\/p>\n\n\n\n<p>A la merci du merveilleux<\/p>\n\n\n\n<p>Couleurs\nchatoyantes<\/p>\n\n\n\n<div style=\"height:46px\" aria-hidden=\"true\" class=\"wp-block-spacer\"><\/div>\n\n\n\n<p>Ballet envo\u00fbtant<\/p>\n\n\n\n<p>Se meut\nharmonieux<\/p>\n\n\n\n<p>Hypnotique pour\nnos yeux<\/p>\n\n\n\n<p>Dans nos c\u0153urs d\u2019enfant<\/p>\n\n\n\n<div style=\"height:49px\" aria-hidden=\"true\" class=\"wp-block-spacer\"><\/div>\n\n\n\n<p>Souffle puissant<\/p>\n\n\n\n<p>Beaut\u00e9 du monde<\/p>\n\n\n\n<p>Tournoie sous l\u2019onde<\/p>\n\n\n\n<div style=\"height:46px\" aria-hidden=\"true\" class=\"wp-block-spacer\"><\/div>\n\n\n\n<p>Instant ber\u00e7ant<\/p>\n\n\n\n<p>L\u2019\u00e2me vagabonde<\/p>\n\n\n\n<p>Humilit\u00e9 profonde<\/p>\n","protected":false},"excerpt":{"rendered":"<p>Sous les lumi\u00e8res dansantes Paysage paisible et silencieux A la merci du merveilleux Couleurs chatoyantes Ballet envo\u00fbtant Se meut harmonieux Hypnotique pour nos yeux Dans nos c\u0153urs d\u2019enfant Souffle puissant Beaut\u00e9 du monde Tournoie sous l\u2019onde Instant ber\u00e7ant L\u2019\u00e2me vagabonde Humilit\u00e9 profonde<\/p>\n","protected":false},"author":1,"featured_media":0,"parent":31,"menu_order":0,"comment_status":"closed","ping_status":"closed","template":"","meta":[],"_links":{"self":[{"href":"http:\/\/leslectures.demarie.fr\/index.php?rest_route=\/wp\/v2\/pages\/307"}],"collection":[{"href":"http:\/\/leslectures.demarie.fr\/index.php?rest_route=\/wp\/v2\/pages"}],"about":[{"href":"http:\/\/leslectures.demarie.fr\/index.php?rest_route=\/wp\/v2\/types\/page"}],"author":[{"embeddable":true,"href":"http:\/\/leslectures.demarie.fr\/index.php?rest_route=\/wp\/v2\/users\/1"}],"replies":[{"embeddable":true,"href":"http:\/\/leslectures.demarie.fr\/index.php?rest_route=%2Fwp%2Fv2%2Fcomments&post=307"}],"version-history":[{"count":3,"href":"http:\/\/leslectures.demarie.fr\/index.php?rest_route=\/wp\/v2\/pages\/307\/revisions"}],"predecessor-version":[{"id":314,"href":"http:\/\/leslectures.demarie.fr\/index.php?rest_route=\/wp\/v2\/pages\/307\/revisions\/314"}],"up":[{"embeddable":true,"href":"http:\/\/leslectures.demarie.fr\/index.php?rest_route=\/wp\/v2\/pages\/31"}],"wp:attachment":[{"href":"http:\/\/leslectures.demarie.fr\/index.php?rest_route=%2Fwp%2Fv2%2Fmedia&parent=307"}],"curies":[{"name":"wp","href":"https:\/\/api.w.org\/{rel}","templated":true}]}}