{"id":128,"date":"2016-10-21T21:24:52","date_gmt":"2016-10-21T20:24:52","guid":{"rendered":"http:\/\/leslectures.demarie.fr\/?page_id=128"},"modified":"2016-11-04T11:17:56","modified_gmt":"2016-11-04T10:17:56","slug":"pause-printaniere","status":"publish","type":"page","link":"https:\/\/leslectures.demarie.fr\/?page_id=128","title":{"rendered":"Pause Printani\u00e8re"},"content":{"rendered":"<p style=\"text-align: center;\"><a href=\"https:\/\/www.youtube.com\/watch?v=oSf_TGf11CI\">Pause Printani\u00e8re<\/a><\/p>\n<p>&nbsp;<\/p>\n<p style=\"text-align: center;\">Il voit un d\u00e9licat coquelicot dehors<\/p>\n<p style=\"text-align: center;\">Seul petit point rouge, perdu et isol\u00e9<\/p>\n<p style=\"text-align: center;\">Baign\u00e9, noy\u00e9 dans cette immensit\u00e9 dor\u00e9e<\/p>\n<p style=\"text-align: center;\">Unique, fluet et subtil, il vaut de l\u2019or<\/p>\n<p>&nbsp;<\/p>\n<p style=\"text-align: center;\">Il est pr\u00e9sent, fort de son exception, l\u00e0<\/p>\n<p style=\"text-align: center;\">Et indemne des bouleversements du temps<\/p>\n<p style=\"text-align: center;\">Il en est survenu des temp\u00eates et tourments<\/p>\n<p style=\"text-align: center;\">Pluies d\u2019hiver, chaleurs d\u2019\u00e9t\u00e9, et malgr\u00e9 cela<\/p>\n<p>&nbsp;<\/p>\n<p style=\"text-align: center;\">Il survit encore et toujours, contre les flots<\/p>\n<p style=\"text-align: center;\">D\u00e9mont\u00e9s, d\u2019une mer de bl\u00e9 d\u00e9mesur\u00e9e<\/p>\n<p style=\"text-align: center;\">Nature cruelle et sans piti\u00e9, il r\u00e9siste et<\/p>\n<p style=\"text-align: center;\">Invincible il se bat, petit coquelicot<\/p>\n<p>&nbsp;<\/p>\n<p style=\"text-align: center;\">V\u00eatu d\u2019un rouge ardent, esquisse luxueuse<\/p>\n<p style=\"text-align: center;\">Signe de ferveur et volupt\u00e9 passionn\u00e9e<\/p>\n<p style=\"text-align: center;\">Hypnotise un regard troubl\u00e9 et \u00e9gar\u00e9<\/p>\n<p style=\"text-align: center;\">Du passant innocent \u00e0 la marche hasardeuse<\/p>\n<p>&nbsp;<\/p>\n<p style=\"text-align: center;\">Il l\u2019emporte avec lui dans une folle ronde<\/p>\n<p style=\"text-align: center;\">Etourdie, une danse belle et sensuelle<\/p>\n<p style=\"text-align: center;\">Ballet \u00e9l\u00e9gant de gr\u00e2ces continuelles<\/p>\n<p style=\"text-align: center;\">Une orgie de bonheurs inconnus dans son monde<\/p>\n<p>&nbsp;<\/p>\n<p style=\"text-align: center;\">Son odeur si douce lui effleure le nez<\/p>\n<p style=\"text-align: center;\">Moment de bien-\u00eatre \u00e9ternel, envo\u00fbtement<\/p>\n<p style=\"text-align: center;\">Interrompt le cours du temps d\u2019un enchantement<\/p>\n<p style=\"text-align: center;\">Instant immobile, o\u00f9 tout reste fig\u00e9<\/p>\n<p>&nbsp;<\/p>\n<p style=\"text-align: center;\">Perdu dans une \u00e9treinte nouvelle il se meurt<\/p>\n<p style=\"text-align: center;\">Violent tourbillon de sentiments profonds<\/p>\n<p style=\"text-align: center;\">Chocs, entrechocs, explosions et fusion<\/p>\n<p style=\"text-align: center;\">Nous vident l\u2019esprit et nous emplissent le c\u0153ur<\/p>\n<p>&nbsp;<\/p>\n<p style=\"text-align: center;\">Renouvel\u00e9, inond\u00e9 d\u2019une envie de vivre<\/p>\n<p style=\"text-align: center;\">Regard neuf pos\u00e9 sur un monde qu\u2019il red\u00e9couvre<\/p>\n<p style=\"text-align: center;\">Ce regard enfantin, tel un cadeau qu&rsquo;il ouvre<\/p>\n<p style=\"text-align: center;\">Un poids s&rsquo;est envol\u00e9, enfin il se d\u00e9livre<\/p>\n<p>&nbsp;<\/p>\n<p style=\"text-align: center;\">Alors petite fleur, surtout ne change pas<\/p>\n<p style=\"text-align: center;\">Paisible interruption de la course du temps,<\/p>\n<p style=\"text-align: center;\">Une pause infinie dans le c\u0153ur du printemps<\/p>\n<p style=\"text-align: center;\">R\u00e9pit qui nous gu\u00e9rit, nous d\u00e9robe au tr\u00e9pas<\/p>\n","protected":false},"excerpt":{"rendered":"<p>Pause Printani\u00e8re &nbsp; Il voit un d\u00e9licat coquelicot dehors Seul petit point rouge, perdu et isol\u00e9 Baign\u00e9, noy\u00e9 dans cette immensit\u00e9 dor\u00e9e Unique, fluet et subtil, il vaut de l\u2019or &nbsp; Il est pr\u00e9sent, fort de son exception, l\u00e0 Et indemne des bouleversements du temps Il en est survenu des temp\u00eates et tourments Pluies d\u2019hiver, [&hellip;]<\/p>\n","protected":false},"author":1,"featured_media":0,"parent":31,"menu_order":3,"comment_status":"open","ping_status":"open","template":"","meta":[],"_links":{"self":[{"href":"https:\/\/leslectures.demarie.fr\/index.php?rest_route=\/wp\/v2\/pages\/128"}],"collection":[{"href":"https:\/\/leslectures.demarie.fr\/index.php?rest_route=\/wp\/v2\/pages"}],"about":[{"href":"https:\/\/leslectures.demarie.fr\/index.php?rest_route=\/wp\/v2\/types\/page"}],"author":[{"embeddable":true,"href":"https:\/\/leslectures.demarie.fr\/index.php?rest_route=\/wp\/v2\/users\/1"}],"replies":[{"embeddable":true,"href":"https:\/\/leslectures.demarie.fr\/index.php?rest_route=%2Fwp%2Fv2%2Fcomments&post=128"}],"version-history":[{"count":7,"href":"https:\/\/leslectures.demarie.fr\/index.php?rest_route=\/wp\/v2\/pages\/128\/revisions"}],"predecessor-version":[{"id":137,"href":"https:\/\/leslectures.demarie.fr\/index.php?rest_route=\/wp\/v2\/pages\/128\/revisions\/137"}],"up":[{"embeddable":true,"href":"https:\/\/leslectures.demarie.fr\/index.php?rest_route=\/wp\/v2\/pages\/31"}],"wp:attachment":[{"href":"https:\/\/leslectures.demarie.fr\/index.php?rest_route=%2Fwp%2Fv2%2Fmedia&parent=128"}],"curies":[{"name":"wp","href":"https:\/\/api.w.org\/{rel}","templated":true}]}}