{"id":146,"date":"2018-10-23T09:27:39","date_gmt":"2018-10-23T08:27:39","guid":{"rendered":"http:\/\/leslectures.demarie.fr\/?page_id=146"},"modified":"2018-10-23T09:34:40","modified_gmt":"2018-10-23T08:34:40","slug":"aurore-polaire","status":"publish","type":"page","link":"https:\/\/leslectures.demarie.fr\/?page_id=146","title":{"rendered":"Aurore polaire"},"content":{"rendered":"<p style=\"text-align: left;\"><a href=\"https:\/\/www.youtube.com\/watch?v=Z0ElTBRRUHg\"><em>Ce qui m&rsquo;a inspir\u00e9e&#8230;<\/em><\/a><\/p>\n<p>&nbsp;<\/p>\n<p style=\"text-align: center;\">A l\u2019aube qui fr\u00e9mit, le souffle du silence<\/p>\n<p style=\"text-align: center;\">R\u00e9veille doucement la nature assouvie.<\/p>\n<p style=\"text-align: center;\">G\u00e9mit le vent glac\u00e9, qui ram\u00e8ne \u00e0 la vie\u00a0;<\/p>\n<p style=\"text-align: center;\">De son ch\u0153ur lancinant, il crie son opulence.<\/p>\n<p>&nbsp;<\/p>\n<p style=\"text-align: center;\">L\u2019univers \u00e9th\u00e9r\u00e9, alangui par l\u2019hiver<\/p>\n<p style=\"text-align: center;\">Lui r\u00e9pond d\u2019un doux chant\u00a0; et le blanc se v\u00eat d\u2019or.<\/p>\n<p style=\"text-align: center;\">Murmure assourdissant de l\u2019obscur qui s\u2019endort,<\/p>\n<p style=\"text-align: center;\">Au clair qui point soudain, le monde s\u2019est ouvert.<\/p>\n<p>&nbsp;<\/p>\n<p style=\"text-align: center;\">Fr\u00f4lement d\u00e9licat pour la terre engourdie,<\/p>\n<p style=\"text-align: center;\">Caresse d\u2019un instant, la conscience \u00e9tourdie,<\/p>\n<p style=\"text-align: center;\">L\u2019oxymore \u00e9ternel, sa saveur douce-am\u00e8re.<\/p>\n<p>&nbsp;<\/p>\n<p style=\"text-align: center;\">La rencontre infinie du jour et de la nuit,<\/p>\n<p style=\"text-align: center;\">Un ballet incessant du d\u00e9sir qui se fuit,<\/p>\n<p style=\"text-align: center;\">Le bonheur fugitif d\u2019un amour \u00e9ph\u00e9m\u00e8re.<\/p>\n<p>&nbsp;<\/p>\n","protected":false},"excerpt":{"rendered":"<p>Ce qui m&rsquo;a inspir\u00e9e&#8230; &nbsp; A l\u2019aube qui fr\u00e9mit, le souffle du silence R\u00e9veille doucement la nature assouvie. G\u00e9mit le vent glac\u00e9, qui ram\u00e8ne \u00e0 la vie\u00a0; De son ch\u0153ur lancinant, il crie son opulence. &nbsp; L\u2019univers \u00e9th\u00e9r\u00e9, alangui par l\u2019hiver Lui r\u00e9pond d\u2019un doux chant\u00a0; et le blanc se v\u00eat d\u2019or. Murmure assourdissant de [&hellip;]<\/p>\n","protected":false},"author":1,"featured_media":0,"parent":31,"menu_order":0,"comment_status":"closed","ping_status":"closed","template":"","meta":[],"_links":{"self":[{"href":"https:\/\/leslectures.demarie.fr\/index.php?rest_route=\/wp\/v2\/pages\/146"}],"collection":[{"href":"https:\/\/leslectures.demarie.fr\/index.php?rest_route=\/wp\/v2\/pages"}],"about":[{"href":"https:\/\/leslectures.demarie.fr\/index.php?rest_route=\/wp\/v2\/types\/page"}],"author":[{"embeddable":true,"href":"https:\/\/leslectures.demarie.fr\/index.php?rest_route=\/wp\/v2\/users\/1"}],"replies":[{"embeddable":true,"href":"https:\/\/leslectures.demarie.fr\/index.php?rest_route=%2Fwp%2Fv2%2Fcomments&post=146"}],"version-history":[{"count":5,"href":"https:\/\/leslectures.demarie.fr\/index.php?rest_route=\/wp\/v2\/pages\/146\/revisions"}],"predecessor-version":[{"id":152,"href":"https:\/\/leslectures.demarie.fr\/index.php?rest_route=\/wp\/v2\/pages\/146\/revisions\/152"}],"up":[{"embeddable":true,"href":"https:\/\/leslectures.demarie.fr\/index.php?rest_route=\/wp\/v2\/pages\/31"}],"wp:attachment":[{"href":"https:\/\/leslectures.demarie.fr\/index.php?rest_route=%2Fwp%2Fv2%2Fmedia&parent=146"}],"curies":[{"name":"wp","href":"https:\/\/api.w.org\/{rel}","templated":true}]}}