{"id":215,"date":"2021-01-18T20:09:59","date_gmt":"2021-01-18T19:09:59","guid":{"rendered":"http:\/\/leslectures.demarie.fr\/?page_id=215"},"modified":"2021-01-18T20:15:48","modified_gmt":"2021-01-18T19:15:48","slug":"deflagration","status":"publish","type":"page","link":"https:\/\/leslectures.demarie.fr\/?page_id=215","title":{"rendered":"D\u00e9flagration"},"content":{"rendered":"\n<p><\/p>\n\n\n\n<p>Silence<\/p>\n\n\n\n<p style=\"text-align:center\">Silence<\/p>\n\n\n\n<p style=\"text-align:right\">Silence<\/p>\n\n\n\n<div style=\"height:50px\" aria-hidden=\"true\" class=\"wp-block-spacer\"><\/div>\n\n\n\n<p style=\"text-align:center\">Souffle<\/p>\n\n\n\n<div style=\"height:50px\" aria-hidden=\"true\" class=\"wp-block-spacer\"><\/div>\n\n\n\n<p>Piano<\/p>\n\n\n\n<p>Quelques notes virevoltent<\/p>\n\n\n\n<p>M\u00e9lodie laconique<\/p>\n\n\n\n<div style=\"height:50px\" aria-hidden=\"true\" class=\"wp-block-spacer\"><\/div>\n\n\n\n<p>Je\ntire sur le fil m\u00e9lancolique d\u2019une solitude assourdissante.<\/p>\n\n\n\n<div style=\"height:50px\" aria-hidden=\"true\" class=\"wp-block-spacer\"><\/div>\n\n\n\n<p>Seule dans ce monde qui file, file, file et jamais ne s\u2019arr\u00eate.<\/p>\n\n\n\n<p>Seule dans ce monde qui tourne,\ntourne, tourne et part en vrille.<\/p>\n\n\n\n<p>Seule dans ce monde qui tombe, tombe, tombe et avance sans voir.<\/p>\n\n\n\n<div style=\"height:50px\" aria-hidden=\"true\" class=\"wp-block-spacer\"><\/div>\n\n\n\n<p>Mon c\u0153ur\npleure les vestiges pass\u00e9s d\u2019une \u00e9poque abandonn\u00e9e.<\/p>\n\n\n\n<div style=\"height:50px\" aria-hidden=\"true\" class=\"wp-block-spacer\"><\/div>\n\n\n\n<p>Abandonn\u00e9 le temps de vivre<\/p>\n\n\n\n<p>Abandonn\u00e9 le temps d\u2019\u00eatre<\/p>\n\n\n\n<p>Abandonn\u00e9 le temps d\u2019aimer<\/p>\n\n\n\n<div style=\"height:50px\" aria-hidden=\"true\" class=\"wp-block-spacer\"><\/div>\n\n\n\n<p style=\"text-align:center\">Abandonn\u00e9.\nAbandonn\u00e9. Abandonn\u00e9.<\/p>\n\n\n\n<div style=\"height:50px\" aria-hidden=\"true\" class=\"wp-block-spacer\"><\/div>\n\n\n\n<p>Tourn\u00e9 vers un futur qui n\u2019existe\npas.<\/p>\n\n\n\n<p>Tourn\u00e9 vers un futur qui ne\ncomprend pas.<\/p>\n\n\n\n<p>Tourn\u00e9 vers un futur qui ne veut\npas.<\/p>\n\n\n\n<div style=\"height:50px\" aria-hidden=\"true\" class=\"wp-block-spacer\"><\/div>\n\n\n\n<p>Affam\u00e9, assoiff\u00e9, frustr\u00e9.<\/p>\n\n\n\n<p>Consomme. Consomme. Consomme.<\/p>\n\n\n\n<p>Du bruit violent. De la lumi\u00e8re\ncriante. Des images provocantes.<\/p>\n\n\n\n<div style=\"height:50px\" aria-hidden=\"true\" class=\"wp-block-spacer\"><\/div>\n\n\n\n<p>Partout. Partout&nbsp;? Partout&nbsp;!<\/p>\n\n\n\n<p>\u00c7a tourne, encore. Toujours.<\/p>\n\n\n\n<p>Crie. Mastique. H\u00e8le. Rit.\nD\u00e9glutit. Vrombit.<\/p>\n\n\n\n<div style=\"height:50px\" aria-hidden=\"true\" class=\"wp-block-spacer\"><\/div>\n\n\n\n<p>Monde qui mange<\/p>\n\n\n\n<p>Monde qui grossit<\/p>\n\n\n\n<p>Monde qui d\u00e9borde<\/p>\n\n\n\n<div style=\"height:50px\" aria-hidden=\"true\" class=\"wp-block-spacer\"><\/div>\n\n\n\n<p>Monde r\u00e9duit en miettes<\/p>\n\n\n\n<p>Monde r\u00e9duit en charpie<\/p>\n\n\n\n<p>Monde r\u00e9duit en cendres<\/p>\n\n\n\n<div style=\"height:50px\" aria-hidden=\"true\" class=\"wp-block-spacer\"><\/div>\n\n\n\n<p>Sens la rage qui monte<\/p>\n\n\n\n<p>Vois la col\u00e8re qui ronge<\/p>\n\n\n\n<p>Ecoute le tonnerre qui gronde<\/p>\n\n\n\n<div style=\"height:50px\" aria-hidden=\"true\" class=\"wp-block-spacer\"><\/div>\n\n\n\n<p>Monde excessif<\/p>\n\n\n\n<p>Monde abusif<\/p>\n\n\n\n<p>Monde explosif<\/p>\n\n\n\n<div style=\"height:50px\" aria-hidden=\"true\" class=\"wp-block-spacer\"><\/div>\n\n\n\n<p style=\"text-align:right\">Une\n\u00e9tincelle<\/p>\n\n\n\n<div style=\"height:100px\" aria-hidden=\"true\" class=\"wp-block-spacer\"><\/div>\n\n\n\n<p style=\"text-align:center\">Noir<\/p>\n\n\n\n<p style=\"text-align:center\">Vide<\/p>\n\n\n\n<p style=\"text-align:center\">Rien<\/p>\n\n\n\n<div style=\"height:100px\" aria-hidden=\"true\" class=\"wp-block-spacer\"><\/div>\n\n\n\n<p>Yeux ferm\u00e9s<\/p>\n\n\n\n<p>Respiration lente<\/p>\n\n\n\n<p>Battement de c\u0153ur<\/p>\n\n\n\n<div style=\"height:50px\" aria-hidden=\"true\" class=\"wp-block-spacer\"><\/div>\n\n\n\n<p>Silence<\/p>\n\n\n\n<div style=\"height:50px\" aria-hidden=\"true\" class=\"wp-block-spacer\"><\/div>\n\n\n\n<p>S\u00e9r\u00e9nit\u00e9<\/p>\n\n\n\n<p>Calme<\/p>\n\n\n\n<p>Paix<\/p>\n\n\n\n<div style=\"height:50px\" aria-hidden=\"true\" class=\"wp-block-spacer\"><\/div>\n\n\n\n<p style=\"text-align:center\">Silence<\/p>\n\n\n\n<div style=\"height:50px\" aria-hidden=\"true\" class=\"wp-block-spacer\"><\/div>\n\n\n\n<p>Dans les nuages gris et mornes<\/p>\n\n\n\n<p>Dans le monde sans saveurs<\/p>\n\n\n\n<p>Dans l\u2019inconscient d\u00e9truit<\/p>\n\n\n\n<div style=\"height:50px\" aria-hidden=\"true\" class=\"wp-block-spacer\"><\/div>\n\n\n\n<p>Les rayons du soleil<\/p>\n\n\n\n<p>Quelques couleurs<\/p>\n\n\n\n<p>Espoir<\/p>\n\n\n\n<div style=\"height:50px\" aria-hidden=\"true\" class=\"wp-block-spacer\"><\/div>\n\n\n\n<p style=\"text-align:right\">Silence<\/p>\n\n\n\n<p>Et pourtant<\/p>\n\n\n\n<p>Per\u00e7ant<\/p>\n\n\n\n<p>Les rires des enfants.<\/p>\n","protected":false},"excerpt":{"rendered":"<p>Silence Silence Silence Souffle Piano Quelques notes virevoltent M\u00e9lodie laconique Je tire sur le fil m\u00e9lancolique d\u2019une solitude assourdissante. Seule dans ce monde qui file, file, file et jamais ne s\u2019arr\u00eate. Seule dans ce monde qui tourne, tourne, tourne et part en vrille. Seule dans ce monde qui tombe, tombe, tombe et avance sans voir. [&hellip;]<\/p>\n","protected":false},"author":1,"featured_media":0,"parent":31,"menu_order":0,"comment_status":"closed","ping_status":"closed","template":"","meta":[],"_links":{"self":[{"href":"https:\/\/leslectures.demarie.fr\/index.php?rest_route=\/wp\/v2\/pages\/215"}],"collection":[{"href":"https:\/\/leslectures.demarie.fr\/index.php?rest_route=\/wp\/v2\/pages"}],"about":[{"href":"https:\/\/leslectures.demarie.fr\/index.php?rest_route=\/wp\/v2\/types\/page"}],"author":[{"embeddable":true,"href":"https:\/\/leslectures.demarie.fr\/index.php?rest_route=\/wp\/v2\/users\/1"}],"replies":[{"embeddable":true,"href":"https:\/\/leslectures.demarie.fr\/index.php?rest_route=%2Fwp%2Fv2%2Fcomments&post=215"}],"version-history":[{"count":2,"href":"https:\/\/leslectures.demarie.fr\/index.php?rest_route=\/wp\/v2\/pages\/215\/revisions"}],"predecessor-version":[{"id":217,"href":"https:\/\/leslectures.demarie.fr\/index.php?rest_route=\/wp\/v2\/pages\/215\/revisions\/217"}],"up":[{"embeddable":true,"href":"https:\/\/leslectures.demarie.fr\/index.php?rest_route=\/wp\/v2\/pages\/31"}],"wp:attachment":[{"href":"https:\/\/leslectures.demarie.fr\/index.php?rest_route=%2Fwp%2Fv2%2Fmedia&parent=215"}],"curies":[{"name":"wp","href":"https:\/\/api.w.org\/{rel}","templated":true}]}}