{"id":273,"date":"2021-06-06T23:49:46","date_gmt":"2021-06-06T22:49:46","guid":{"rendered":"http:\/\/leslectures.demarie.fr\/?page_id=273"},"modified":"2021-06-06T23:49:46","modified_gmt":"2021-06-06T22:49:46","slug":"suzette-ou-le-grand-amour-fabien-toulme","status":"publish","type":"page","link":"https:\/\/leslectures.demarie.fr\/?page_id=273","title":{"rendered":"Suzette ou le grand amour [Fabien Toulm\u00e9]"},"content":{"rendered":"\n<div class=\"wp-block-image\"><figure class=\"aligncenter\"><img decoding=\"async\" src=\"https:\/\/static.fnac-static.com\/multimedia\/Images\/FR\/NR\/46\/a8\/cb\/13346886\/1507-1\/tsp20210316171247\/Suzette-ou-le-Grand-Amour.jpg\"\/><\/figure><\/div>\n\n\n\n<p>Aussit\u00f4t sorti, aussit\u00f4t achet\u00e9, aussit\u00f4t d\u00e9vor\u00e9, englouti m\u00eame. D\u2019une traite. Une v\u00e9ritable bulle d\u2019oxyg\u00e8ne. J\u2019ai retrouv\u00e9 avec beaucoup de plaisir l\u2019univers graphique de Fabien Toulm\u00e9. Un trait doux, des couleurs pastel, le tout dans un style assez \u00e9pur\u00e9. On entre rapidement dans l\u2019histoire en suivant No\u00e9mie, une jeune fleuriste qui, suite au d\u00e9c\u00e8s de son grand-p\u00e8re, comprend que sa grand-m\u00e8re n\u2019a finalement jamais \u00e9t\u00e9 tr\u00e8s heureuse dans son mariage, qui aura dur\u00e9 soixante ans. A force de poser des questions, elle d\u00e9couvre que Suzette a eu un amour de jeunesse, quelque part en Italie. <\/p>\n\n\n\n<p>Alors on embarque avec les deux femmes, s\u00e9par\u00e9es par les g\u00e9n\u00e9rations, pour un p\u00e9riple \u00e0 la recherche de ce myst\u00e9rieux italien. Un voyage qui est aussi l\u2019occasion pour la grand-m\u00e8re et sa petite-fille de se retrouver et d\u2019apprendre encore un peu plus \u00e0 se conna\u00eetre. Elles abordent l\u2019amour et les relations d\u2019une mani\u00e8re totalement diff\u00e9rente, Suzette dans la red\u00e9couverte de ce qui peut \u00eatre mis derri\u00e8re ces deux concepts et No\u00e9mie par le biais de sa jeunesse dans la soci\u00e9t\u00e9 actuelle, elle-m\u00eame pleine d\u2019interrogations sur son couple. Leurs \u00e9changes seront riches, souvent charg\u00e9s d\u2019\u00e9motions et de sentiments. <\/p>\n\n\n\n<p>Fabien Toulm\u00e9 nous livre ici une\ntr\u00e8s belle histoire, tendre, l\u00e9g\u00e8re, touchante tant elle est ancr\u00e9e dans une\nr\u00e9alit\u00e9 qui nous fait \u00e9cho. Les personnages sont attachants et on arrive tr\u00e8s\nbien \u00e0 partir en voyage avec les deux femmes, sans relever le nez du livre une\nseconde. Avec cet ouvrage on (re)prend conscience que l\u2019amour n\u2019a pas d\u2019\u00e2ge et que\npeu importe qu\u2019on ait vingt, cinquante ou quatre-vingt ans, c\u2019est toujours\nbeau. <\/p>\n","protected":false},"excerpt":{"rendered":"<p>Aussit\u00f4t sorti, aussit\u00f4t achet\u00e9, aussit\u00f4t d\u00e9vor\u00e9, englouti m\u00eame. D\u2019une traite. Une v\u00e9ritable bulle d\u2019oxyg\u00e8ne. J\u2019ai retrouv\u00e9 avec beaucoup de plaisir l\u2019univers graphique de Fabien Toulm\u00e9. Un trait doux, des couleurs pastel, le tout dans un style assez \u00e9pur\u00e9. On entre rapidement dans l\u2019histoire en suivant No\u00e9mie, une jeune fleuriste qui, suite au d\u00e9c\u00e8s de son [&hellip;]<\/p>\n","protected":false},"author":1,"featured_media":0,"parent":9,"menu_order":0,"comment_status":"closed","ping_status":"closed","template":"","meta":[],"_links":{"self":[{"href":"https:\/\/leslectures.demarie.fr\/index.php?rest_route=\/wp\/v2\/pages\/273"}],"collection":[{"href":"https:\/\/leslectures.demarie.fr\/index.php?rest_route=\/wp\/v2\/pages"}],"about":[{"href":"https:\/\/leslectures.demarie.fr\/index.php?rest_route=\/wp\/v2\/types\/page"}],"author":[{"embeddable":true,"href":"https:\/\/leslectures.demarie.fr\/index.php?rest_route=\/wp\/v2\/users\/1"}],"replies":[{"embeddable":true,"href":"https:\/\/leslectures.demarie.fr\/index.php?rest_route=%2Fwp%2Fv2%2Fcomments&post=273"}],"version-history":[{"count":1,"href":"https:\/\/leslectures.demarie.fr\/index.php?rest_route=\/wp\/v2\/pages\/273\/revisions"}],"predecessor-version":[{"id":274,"href":"https:\/\/leslectures.demarie.fr\/index.php?rest_route=\/wp\/v2\/pages\/273\/revisions\/274"}],"up":[{"embeddable":true,"href":"https:\/\/leslectures.demarie.fr\/index.php?rest_route=\/wp\/v2\/pages\/9"}],"wp:attachment":[{"href":"https:\/\/leslectures.demarie.fr\/index.php?rest_route=%2Fwp%2Fv2%2Fmedia&parent=273"}],"curies":[{"name":"wp","href":"https:\/\/api.w.org\/{rel}","templated":true}]}}